{"id":85,"date":"2024-04-07T10:32:25","date_gmt":"2024-04-07T08:32:25","guid":{"rendered":"http:\/\/wp.kanu-wanderer-braunschweig.de\/?page_id=85"},"modified":"2024-04-07T21:31:58","modified_gmt":"2024-04-07T19:31:58","slug":"kanu-wanderer-braunschweig-e-v","status":"publish","type":"page","link":"https:\/\/wp.kanu-wanderer-braunschweig.de\/","title":{"rendered":"Kanu Wanderer Braunschweig e.V."},"content":{"rendered":"\n<p>Herzlich willkommen auf der Webseite des Kanu Wanderer Braunschweig e. V.!<\/p>\n\n\n\n<p>Wir m\u00f6chten uns hier der \u00d6ffentlichkeit vorstellen, Informationen f\u00fcr Interessierte und f\u00fcr die Mitglieder des Vereins bereitstellen<\/p>\n\n\n\n<p>F\u00fcr Fragen und Anregungen sind wir immer offen, unsere Mailadresse findet sich auf der&nbsp;<a href=\"https:\/\/www.kanu-wanderer-braunschweig.de\/cms\/index.php?page=impressum\">Kontakt-Seite<\/a>.<\/p>\n\n\n\n<p><br>Der KWB ist Mitglied im deutschen Kanu Verband (DKV) und im Stadtsportbund Braunschweig.<\/p>\n\n\n\n<p><img loading=\"lazy\" decoding=\"async\" width=\"150\" height=\"110\" src=\"https:\/\/www.kanu-wanderer-braunschweig.de\/cms\/uploads\/images\/logos\/dkv-fahnefarbig_150.png\" alt=\"DKV Logo\">.<\/p>\n","protected":false},"excerpt":{"rendered":"<p>Herzlich willkommen auf der Webseite des Kanu Wanderer Braunschweig e. V.! Wir m\u00f6chten uns hier der \u00d6ffentlichkeit vorstellen, Informationen f\u00fcr Interessierte und f\u00fcr die Mitglieder des Vereins bereitstellen F\u00fcr Fragen und Anregungen sind wir immer offen, unsere Mailadresse findet sich auf der&nbsp;Kontakt-Seite. Der KWB ist Mitglied im deutschen Kanu Verband (DKV) und im Stadtsportbund Braunschweig. [&hellip;]<\/p>\n","protected":false},"author":1,"featured_media":0,"parent":0,"menu_order":0,"comment_status":"closed","ping_status":"closed","template":"","meta":{"footnotes":""},"class_list":["post-85","page","type-page","status-publish","hentry"],"_links":{"self":[{"href":"https:\/\/wp.kanu-wanderer-braunschweig.de\/index.php\/wp-json\/wp\/v2\/pages\/85","targetHints":{"allow":["GET"]}}],"collection":[{"href":"https:\/\/wp.kanu-wanderer-braunschweig.de\/index.php\/wp-json\/wp\/v2\/pages"}],"about":[{"href":"https:\/\/wp.kanu-wanderer-braunschweig.de\/index.php\/wp-json\/wp\/v2\/types\/page"}],"author":[{"embeddable":true,"href":"https:\/\/wp.kanu-wanderer-braunschweig.de\/index.php\/wp-json\/wp\/v2\/users\/1"}],"replies":[{"embeddable":true,"href":"https:\/\/wp.kanu-wanderer-braunschweig.de\/index.php\/wp-json\/wp\/v2\/comments?post=85"}],"version-history":[{"count":3,"href":"https:\/\/wp.kanu-wanderer-braunschweig.de\/index.php\/wp-json\/wp\/v2\/pages\/85\/revisions"}],"predecessor-version":[{"id":115,"href":"https:\/\/wp.kanu-wanderer-braunschweig.de\/index.php\/wp-json\/wp\/v2\/pages\/85\/revisions\/115"}],"wp:attachment":[{"href":"https:\/\/wp.kanu-wanderer-braunschweig.de\/index.php\/wp-json\/wp\/v2\/media?parent=85"}],"curies":[{"name":"wp","href":"https:\/\/api.w.org\/{rel}","templated":true}]}}