{"id":87,"date":"2024-04-07T10:40:21","date_gmt":"2024-04-07T08:40:21","guid":{"rendered":"http:\/\/wp.kanu-wanderer-braunschweig.de\/?page_id=87"},"modified":"2024-04-07T10:40:38","modified_gmt":"2024-04-07T08:40:38","slug":"links","status":"publish","type":"page","link":"https:\/\/wp.kanu-wanderer-braunschweig.de\/index.php\/links\/","title":{"rendered":"Links"},"content":{"rendered":"\n<p>Links zu anderen Seiten im Netz mit Bezug zum Kanusport:<\/p>\n\n\n\n<p>Die folgenden Seiten hier sind ohne eine Bewertung zu verstehen, die Liste erhebt auch keinen Anspruch auf Vollst\u00e4ndigkeit.<br>Auf die Inhalte der verlinkten Seiten hat der KWB keinen Einfluss und tr\u00e4gt auch keine Verantwortung daf\u00fcr. Sollten die Inhalte auf einer der Seiten Ihrer Meinung nach anst\u00f6\u00dfige, extremistische oder rechtswidrige Bestandteile enthalten informieren Sie uns bitte per E-Mail. Wir werden dann das dann umgehend \u00fcberpr\u00fcfen und die Links gegebenenfalls entfernen.<\/p>\n\n\n\n<p>Kategorien: Vereine, Wissenswertes, Kommerzielles (Hersteller, H\u00e4ndler, &#8230;.)<\/p>\n\n\n\n<p><a href=\"https:\/\/www.kanu-niedersachsen.de\/Befahrungsregelungen\/\" target=\"_blank\" rel=\"noreferrer noopener\">Befahrungsregelungen<\/a>&nbsp;aus der DKV Gew\u00e4sserdatenbank<\/p>\n\n\n\n<p><a><\/a><a href=\"http:\/\/de.wikibooks.org\/wiki\/Kajak\" target=\"_blank\" rel=\"noreferrer noopener\">Wiki-Books Kajak<br><\/a><a href=\"http:\/\/ger.kayakpaddling.net\/\" target=\"_blank\" rel=\"noreferrer noopener\">KajakPaddling.net<\/a>&nbsp;eine informative Webseite zum Kajakfahren, anhand von Flash-Animationen werden nicht nur die Grundlagen des Paddelns erkl\u00e4rt, sondern auch Technik f\u00fcr fortgeschrittene (Eskimorolle).<br><a href=\"http:\/\/www.kanutube.de\/video\/Doctor-Throwline\/be04bee3151747314770\" target=\"_blank\" rel=\"noreferrer noopener\">Dr. Throwline<\/a>&nbsp;das Lehrvideo zum Umgang mit dem Wurfsack<br>1001 M\u00f6glichkeiten die&nbsp;<a href=\"http:\/\/www.kayakquixotica.com\/video-section\/index.html\" target=\"_blank\" rel=\"noreferrer noopener\">Eskimorolle<\/a>&nbsp;zu machen. Videosammlung<\/p>\n\n\n\n<p><a href=\"http:\/\/www.kuestenkanuwandern.de\/\" target=\"_blank\" rel=\"noreferrer noopener\">K\u00fcstenkanuwandern.de<\/a>&nbsp;die Webseite von Udo Beier, dem DKV Referenten f\u00fcr das Fahrtengebiet<\/p>\n\n\n\n<p>Ein Boot zum selberbauen:&nbsp;<a href=\"http:\/\/www.cnckayaks.com\/\" target=\"_blank\" rel=\"noreferrer noopener\">CNC-Kajaks<\/a>&nbsp;hat Pl\u00e4ne und Anleitung zum Selbstbau des Shrike, eines Gr\u00f6nlandkajaks in Stich &amp; Glue Bauweise aus Sperrholz, zur freien Nutzung ver\u00f6ffentlicht. Download aller Unterlagen ist nach Registrierung m\u00f6glich.<br>Inzwischen gibt es verschiedene Variationen (Volumen, Sitzluke etc).<\/p>\n\n\n\n<p>Jens Marklund vom schwedischen Verein Tj\u00f6ns Kajak hat sehr detailierte&nbsp;<a href=\"http:\/\/tjornkajak.se\/bra-kunskap\/paddla-kajak-och-talta-i-bohuslan-haftena\/\" target=\"_blank\" rel=\"noreferrer noopener\">Beschreibungen von \u00dcbernachtungspl\u00e4tzen in den schwedischen Westsch\u00e4ren<\/a>&nbsp;von der norwegischen Grenze bis nach Marstrand zusammengestellt. Die Beschreibungen gibt es hier auch auf englisch als PDF (in Versionen zum Drucken oder zum lesen auf dem Rechner\/Tablett\/Handy).<\/p>\n\n\n\n<p><a href=\"http:\/\/www.soulboater.com\/\" target=\"_blank\" rel=\"noreferrer noopener\">Soulboater<\/a>\u00a0Paddelforum mit vielen Flussbeschreibungen, vorw. Wildwasser<br><a href=\"http:\/\/kajak.at\/top\/index.php\" target=\"_blank\" rel=\"noreferrer noopener\">Kajak.at<\/a>\u00a0(aktuelle Pegelinfos zu vielen europ\u00e4ischen Fl\u00fcssen)<\/p>\n\n\n\n<p><a href=\"http:\/\/www.seekajakforum.de\/\" target=\"_blank\" rel=\"noreferrer noopener\">Seekajakforum<\/a><br><a href=\"http:\/\/www.faltbootforum.de\/\" target=\"_blank\" rel=\"noreferrer noopener\">Faltbootfourm<\/a><\/p>\n\n\n\n<p><a><\/a><a href=\"http:\/\/www.hikosport.com\/\" target=\"_blank\" rel=\"noreferrer noopener\">Hiko<\/a>&nbsp;Hersteller von Ausr\u00fcstung, Bekleidung und Zubeh\u00f6r aus Tschechien<br><a href=\"http:\/\/www.doubledutch.eu\/\" target=\"_blank\" rel=\"noreferrer noopener\">Double Dutch<\/a>&nbsp;Paddel, Boote und Ausr\u00fcstung<\/p>\n\n\n\n<p><a><\/a><a href=\"http:\/\/www.kanu.de\/\" target=\"_blank\" rel=\"noreferrer noopener\">Deutscher Kanu Verband&nbsp;<\/a>(DKV)<a href=\"http:\/\/www.braunschweiger-kc.de\/\" target=\"_blank\" rel=\"noreferrer noopener\"><br>Braunschweiger Kanu Club<\/a>&nbsp;(BKC)<br><a href=\"http:\/\/www.ksgh.de\/\" target=\"_blank\" rel=\"noreferrer noopener\">Kanu- und Segel Gilde Hildesheim<\/a>&nbsp;(KSGH)<\/p>\n","protected":false},"excerpt":{"rendered":"<p>Links zu anderen Seiten im Netz mit Bezug zum Kanusport: Die folgenden Seiten hier sind ohne eine Bewertung zu verstehen, die Liste erhebt auch keinen Anspruch auf Vollst\u00e4ndigkeit.Auf die Inhalte der verlinkten Seiten hat der KWB keinen Einfluss und tr\u00e4gt auch keine Verantwortung daf\u00fcr. Sollten die Inhalte auf einer der Seiten Ihrer Meinung nach anst\u00f6\u00dfige, [&hellip;]<\/p>\n","protected":false},"author":1,"featured_media":0,"parent":0,"menu_order":5,"comment_status":"closed","ping_status":"closed","template":"","meta":{"footnotes":""},"class_list":["post-87","page","type-page","status-publish","hentry"],"_links":{"self":[{"href":"https:\/\/wp.kanu-wanderer-braunschweig.de\/index.php\/wp-json\/wp\/v2\/pages\/87","targetHints":{"allow":["GET"]}}],"collection":[{"href":"https:\/\/wp.kanu-wanderer-braunschweig.de\/index.php\/wp-json\/wp\/v2\/pages"}],"about":[{"href":"https:\/\/wp.kanu-wanderer-braunschweig.de\/index.php\/wp-json\/wp\/v2\/types\/page"}],"author":[{"embeddable":true,"href":"https:\/\/wp.kanu-wanderer-braunschweig.de\/index.php\/wp-json\/wp\/v2\/users\/1"}],"replies":[{"embeddable":true,"href":"https:\/\/wp.kanu-wanderer-braunschweig.de\/index.php\/wp-json\/wp\/v2\/comments?post=87"}],"version-history":[{"count":1,"href":"https:\/\/wp.kanu-wanderer-braunschweig.de\/index.php\/wp-json\/wp\/v2\/pages\/87\/revisions"}],"predecessor-version":[{"id":88,"href":"https:\/\/wp.kanu-wanderer-braunschweig.de\/index.php\/wp-json\/wp\/v2\/pages\/87\/revisions\/88"}],"wp:attachment":[{"href":"https:\/\/wp.kanu-wanderer-braunschweig.de\/index.php\/wp-json\/wp\/v2\/media?parent=87"}],"curies":[{"name":"wp","href":"https:\/\/api.w.org\/{rel}","templated":true}]}}